{"id":119,"date":"2018-02-18T23:41:52","date_gmt":"2018-02-18T22:41:52","guid":{"rendered":"http:\/\/celinearvisais.com.heb5d.sogetel.net\/?page_id=119"},"modified":"2019-01-02T16:58:04","modified_gmt":"2019-01-02T21:58:04","slug":"a-gros-oeillets-de-plastique","status":"publish","type":"page","link":"http:\/\/www.ateliercelinearvisais.com\/?page_id=119","title":{"rendered":"\u00c0 gros oeillets de plastique"},"content":{"rendered":"<p>Les oeillets de plastiques sont une alternative moins on\u00e9reuse et moins bruyante que les oeillets de m\u00e9tal.<\/p>\n<p>Par contre, il faut consid\u00e9rer que l&rsquo;entretient des rideaux sera fait \u00e0 la main car ceux-ci ne r\u00e9sistent pas \u00e0 la laveuse et la s\u00e9cheuse.<\/p>\n","protected":false},"excerpt":{"rendered":"<p>Les oeillets de plastiques sont une alternative moins on\u00e9reuse et moins bruyante que les oeillets de m\u00e9tal. Par contre, il faut consid\u00e9rer que l&rsquo;entretient des rideaux sera fait \u00e0 la main car ceux-ci ne r\u00e9sistent pas \u00e0 la laveuse et la s\u00e9cheuse.<\/p>\n","protected":false},"author":1,"featured_media":0,"parent":0,"menu_order":0,"comment_status":"closed","ping_status":"closed","template":"","meta":{"footnotes":""},"class_list":["post-119","page","type-page","status-publish","hentry"],"_links":{"self":[{"href":"http:\/\/www.ateliercelinearvisais.com\/index.php?rest_route=\/wp\/v2\/pages\/119","targetHints":{"allow":["GET"]}}],"collection":[{"href":"http:\/\/www.ateliercelinearvisais.com\/index.php?rest_route=\/wp\/v2\/pages"}],"about":[{"href":"http:\/\/www.ateliercelinearvisais.com\/index.php?rest_route=\/wp\/v2\/types\/page"}],"author":[{"embeddable":true,"href":"http:\/\/www.ateliercelinearvisais.com\/index.php?rest_route=\/wp\/v2\/users\/1"}],"replies":[{"embeddable":true,"href":"http:\/\/www.ateliercelinearvisais.com\/index.php?rest_route=%2Fwp%2Fv2%2Fcomments&post=119"}],"version-history":[{"count":3,"href":"http:\/\/www.ateliercelinearvisais.com\/index.php?rest_route=\/wp\/v2\/pages\/119\/revisions"}],"predecessor-version":[{"id":486,"href":"http:\/\/www.ateliercelinearvisais.com\/index.php?rest_route=\/wp\/v2\/pages\/119\/revisions\/486"}],"wp:attachment":[{"href":"http:\/\/www.ateliercelinearvisais.com\/index.php?rest_route=%2Fwp%2Fv2%2Fmedia&parent=119"}],"curies":[{"name":"wp","href":"https:\/\/api.w.org\/{rel}","templated":true}]}}