{"id":97,"date":"2018-02-18T23:30:08","date_gmt":"2018-02-18T22:30:08","guid":{"rendered":"http:\/\/celinearvisais.com.heb5d.sogetel.net\/?page_id=97"},"modified":"2022-01-02T14:44:06","modified_gmt":"2022-01-02T19:44:06","slug":"rideau-passe-pole","status":"publish","type":"page","link":"http:\/\/www.ateliercelinearvisais.com\/?page_id=97","title":{"rendered":"Rideau passe-p\u00f4le"},"content":{"rendered":"<figure id=\"attachment_446\" aria-describedby=\"caption-attachment-446\" style=\"width: 202px\" class=\"wp-caption alignright\"><img loading=\"lazy\" decoding=\"async\" class=\"wp-image-446 \" src=\"http:\/\/www.ateliercelinearvisais.com\/wp-content\/uploads\/2018\/10\/rideau-passe-p\u00f4le-300x300.jpeg\" alt=\"\" width=\"202\" height=\"202\" srcset=\"http:\/\/www.ateliercelinearvisais.com\/wp-content\/uploads\/2018\/10\/rideau-passe-p\u00f4le-300x300.jpeg 300w, http:\/\/www.ateliercelinearvisais.com\/wp-content\/uploads\/2018\/10\/rideau-passe-p\u00f4le-150x150.jpeg 150w, http:\/\/www.ateliercelinearvisais.com\/wp-content\/uploads\/2018\/10\/rideau-passe-p\u00f4le-768x768.jpeg 768w, http:\/\/www.ateliercelinearvisais.com\/wp-content\/uploads\/2018\/10\/rideau-passe-p\u00f4le-1024x1024.jpeg 1024w, http:\/\/www.ateliercelinearvisais.com\/wp-content\/uploads\/2018\/10\/rideau-passe-p\u00f4le-100x100.jpeg 100w, http:\/\/www.ateliercelinearvisais.com\/wp-content\/uploads\/2018\/10\/rideau-passe-p\u00f4le.jpeg 1250w\" sizes=\"auto, (max-width: 202px) 100vw, 202px\" \/><figcaption id=\"caption-attachment-446\" class=\"wp-caption-text\">Exemple de rideau passe-p\u00f4le sans t\u00eate(frill)<\/figcaption><\/figure>\n<p>Un rideau passe-p\u00f4le peut avoir une petite t\u00eate (frill) \u00a0ou non au dessus du passant.<\/p>\n<p>Il faut prendre en consid\u00e9ration ce d\u00e9tail pour d\u00e9terminer la hauteur du rideau \u00a0et prendre soin de pr\u00e9ciser toutes les mesures voulues correctement.<\/p>\n<p>L&rsquo;ampleur de ce style de rideau peut varier selon le tissu choisi.<br \/>\nL&rsquo;opacit\u00e9 d\u00e9sir\u00e9e, l&rsquo;\u00e9paisseur du tissu et la grosseur du motif sont des variantes pouvant influencer le produit final pour r\u00e9pondre aux attentes d\u00e9sir\u00e9es.<\/p>\n<p>En g\u00e9n\u00e9ral on calcule au moins 2 fois la mesure de la p\u00f4le mais c&rsquo;est \u00e0 la discr\u00e9tion de chacun.<\/p>\n","protected":false},"excerpt":{"rendered":"<p>Un rideau passe-p\u00f4le peut avoir une petite t\u00eate (frill) \u00a0ou non au dessus du passant. Il faut prendre en consid\u00e9ration ce d\u00e9tail pour d\u00e9terminer la hauteur du rideau \u00a0et prendre soin de pr\u00e9ciser toutes les mesures voulues correctement. L&rsquo;ampleur de ce style de rideau peut varier selon le tissu choisi. L&rsquo;opacit\u00e9 d\u00e9sir\u00e9e, l&rsquo;\u00e9paisseur du tissu &hellip; <\/p>\n<p class=\"link-more\"><a href=\"http:\/\/www.ateliercelinearvisais.com\/?page_id=97\" class=\"more-link\">Continuer la lecture<span class=\"screen-reader-text\"> de &laquo;&nbsp;Rideau passe-p\u00f4le&nbsp;&raquo;<\/span><\/a><\/p>\n","protected":false},"author":1,"featured_media":0,"parent":0,"menu_order":0,"comment_status":"closed","ping_status":"closed","template":"","meta":{"footnotes":""},"class_list":["post-97","page","type-page","status-publish","hentry"],"_links":{"self":[{"href":"http:\/\/www.ateliercelinearvisais.com\/index.php?rest_route=\/wp\/v2\/pages\/97","targetHints":{"allow":["GET"]}}],"collection":[{"href":"http:\/\/www.ateliercelinearvisais.com\/index.php?rest_route=\/wp\/v2\/pages"}],"about":[{"href":"http:\/\/www.ateliercelinearvisais.com\/index.php?rest_route=\/wp\/v2\/types\/page"}],"author":[{"embeddable":true,"href":"http:\/\/www.ateliercelinearvisais.com\/index.php?rest_route=\/wp\/v2\/users\/1"}],"replies":[{"embeddable":true,"href":"http:\/\/www.ateliercelinearvisais.com\/index.php?rest_route=%2Fwp%2Fv2%2Fcomments&post=97"}],"version-history":[{"count":15,"href":"http:\/\/www.ateliercelinearvisais.com\/index.php?rest_route=\/wp\/v2\/pages\/97\/revisions"}],"predecessor-version":[{"id":745,"href":"http:\/\/www.ateliercelinearvisais.com\/index.php?rest_route=\/wp\/v2\/pages\/97\/revisions\/745"}],"wp:attachment":[{"href":"http:\/\/www.ateliercelinearvisais.com\/index.php?rest_route=%2Fwp%2Fv2%2Fmedia&parent=97"}],"curies":[{"name":"wp","href":"https:\/\/api.w.org\/{rel}","templated":true}]}}