{"id":106,"date":"2018-02-18T23:34:26","date_gmt":"2018-02-18T22:34:26","guid":{"rendered":"http:\/\/celinearvisais.com.heb5d.sogetel.net\/?page_id=106"},"modified":"2018-10-15T20:58:42","modified_gmt":"2018-10-16T00:58:42","slug":"rideaux-a-plis","status":"publish","type":"page","link":"https:\/\/www.ateliercelinearvisais.com\/?page_id=106","title":{"rendered":"Rideaux \u00e0 plis"},"content":{"rendered":"<p>L&rsquo;ampleur de ce style de rideau peut varier selon le style de pli, la hauteur de la t\u00eate et le tissu choisi. \u00a0L&rsquo;opacit\u00e9, l&rsquo;\u00e9paisseur et la grosseur du motif sont des variantes pouvant influencer le produit final pour r\u00e9pondre aux attentes d\u00e9sir\u00e9es. Plus une t\u00eate est haute, plus un plis aura une allure effil\u00e9e si l&rsquo;ampleur n&rsquo;est pas consid\u00e9r\u00e9e.<\/p>\n","protected":false},"excerpt":{"rendered":"<p>L&rsquo;ampleur de ce style de rideau peut varier selon le style de pli, la hauteur de la t\u00eate et le tissu choisi. \u00a0L&rsquo;opacit\u00e9, l&rsquo;\u00e9paisseur et la grosseur du motif sont des variantes pouvant influencer le produit final pour r\u00e9pondre aux attentes d\u00e9sir\u00e9es. Plus une t\u00eate est haute, plus un plis aura une allure effil\u00e9e si &hellip; <\/p>\n<p class=\"link-more\"><a href=\"https:\/\/www.ateliercelinearvisais.com\/?page_id=106\" class=\"more-link\">Continuer la lecture<span class=\"screen-reader-text\"> de &laquo;&nbsp;Rideaux \u00e0 plis&nbsp;&raquo;<\/span><\/a><\/p>\n","protected":false},"author":1,"featured_media":0,"parent":0,"menu_order":0,"comment_status":"closed","ping_status":"closed","template":"","meta":{"footnotes":""},"class_list":["post-106","page","type-page","status-publish","hentry"],"_links":{"self":[{"href":"https:\/\/www.ateliercelinearvisais.com\/index.php?rest_route=\/wp\/v2\/pages\/106","targetHints":{"allow":["GET"]}}],"collection":[{"href":"https:\/\/www.ateliercelinearvisais.com\/index.php?rest_route=\/wp\/v2\/pages"}],"about":[{"href":"https:\/\/www.ateliercelinearvisais.com\/index.php?rest_route=\/wp\/v2\/types\/page"}],"author":[{"embeddable":true,"href":"https:\/\/www.ateliercelinearvisais.com\/index.php?rest_route=\/wp\/v2\/users\/1"}],"replies":[{"embeddable":true,"href":"https:\/\/www.ateliercelinearvisais.com\/index.php?rest_route=%2Fwp%2Fv2%2Fcomments&post=106"}],"version-history":[{"count":6,"href":"https:\/\/www.ateliercelinearvisais.com\/index.php?rest_route=\/wp\/v2\/pages\/106\/revisions"}],"predecessor-version":[{"id":435,"href":"https:\/\/www.ateliercelinearvisais.com\/index.php?rest_route=\/wp\/v2\/pages\/106\/revisions\/435"}],"wp:attachment":[{"href":"https:\/\/www.ateliercelinearvisais.com\/index.php?rest_route=%2Fwp%2Fv2%2Fmedia&parent=106"}],"curies":[{"name":"wp","href":"https:\/\/api.w.org\/{rel}","templated":true}]}}