{"id":117,"date":"2018-02-18T23:41:08","date_gmt":"2018-02-18T22:41:08","guid":{"rendered":"http:\/\/celinearvisais.com.heb5d.sogetel.net\/?page_id=117"},"modified":"2019-01-02T17:17:56","modified_gmt":"2019-01-02T22:17:56","slug":"a-petits-oeillets-de-metal-interieur-1-2","status":"publish","type":"page","link":"https:\/\/www.ateliercelinearvisais.com\/?page_id=117","title":{"rendered":"\u00c0 petits oeillets de m\u00e9tal (int\u00e9rieur 1\/2&Prime;)"},"content":{"rendered":"<p>Ce style d&rsquo;oeillet est id\u00e9al pour les rideaux de douche, ext\u00e9rieurs ou pour tout autre fa\u00e7on de les suspendre.<\/p>\n<p><img loading=\"lazy\" decoding=\"async\" class=\"size-thumbnail wp-image-493 alignleft\" src=\"http:\/\/www.ateliercelinearvisais.com\/wp-content\/uploads\/2019\/01\/e576fdafe09889950b71e66eabdc40b1-150x150.jpg\" alt=\"\" width=\"150\" height=\"150\" srcset=\"https:\/\/www.ateliercelinearvisais.com\/wp-content\/uploads\/2019\/01\/e576fdafe09889950b71e66eabdc40b1-150x150.jpg 150w, https:\/\/www.ateliercelinearvisais.com\/wp-content\/uploads\/2019\/01\/e576fdafe09889950b71e66eabdc40b1-100x100.jpg 100w\" sizes=\"auto, (max-width: 150px) 100vw, 150px\" \/><\/p>\n<p><img loading=\"lazy\" decoding=\"async\" class=\"size-thumbnail wp-image-489 alignleft\" src=\"http:\/\/www.ateliercelinearvisais.com\/wp-content\/uploads\/2019\/01\/d426efd02bca0a00c7fa3d3ac237da14-150x150.jpg\" alt=\"\" width=\"150\" height=\"150\" srcset=\"https:\/\/www.ateliercelinearvisais.com\/wp-content\/uploads\/2019\/01\/d426efd02bca0a00c7fa3d3ac237da14-150x150.jpg 150w, https:\/\/www.ateliercelinearvisais.com\/wp-content\/uploads\/2019\/01\/d426efd02bca0a00c7fa3d3ac237da14-300x300.jpg 300w, https:\/\/www.ateliercelinearvisais.com\/wp-content\/uploads\/2019\/01\/d426efd02bca0a00c7fa3d3ac237da14-100x100.jpg 100w, https:\/\/www.ateliercelinearvisais.com\/wp-content\/uploads\/2019\/01\/d426efd02bca0a00c7fa3d3ac237da14.jpg 641w\" sizes=\"auto, (max-width: 150px) 100vw, 150px\" \/><\/p>\n","protected":false},"excerpt":{"rendered":"<p>Ce style d&rsquo;oeillet est id\u00e9al pour les rideaux de douche, ext\u00e9rieurs ou pour tout autre fa\u00e7on de les suspendre.<\/p>\n","protected":false},"author":1,"featured_media":0,"parent":0,"menu_order":0,"comment_status":"closed","ping_status":"closed","template":"","meta":{"footnotes":""},"class_list":["post-117","page","type-page","status-publish","hentry"],"_links":{"self":[{"href":"https:\/\/www.ateliercelinearvisais.com\/index.php?rest_route=\/wp\/v2\/pages\/117","targetHints":{"allow":["GET"]}}],"collection":[{"href":"https:\/\/www.ateliercelinearvisais.com\/index.php?rest_route=\/wp\/v2\/pages"}],"about":[{"href":"https:\/\/www.ateliercelinearvisais.com\/index.php?rest_route=\/wp\/v2\/types\/page"}],"author":[{"embeddable":true,"href":"https:\/\/www.ateliercelinearvisais.com\/index.php?rest_route=\/wp\/v2\/users\/1"}],"replies":[{"embeddable":true,"href":"https:\/\/www.ateliercelinearvisais.com\/index.php?rest_route=%2Fwp%2Fv2%2Fcomments&post=117"}],"version-history":[{"count":6,"href":"https:\/\/www.ateliercelinearvisais.com\/index.php?rest_route=\/wp\/v2\/pages\/117\/revisions"}],"predecessor-version":[{"id":494,"href":"https:\/\/www.ateliercelinearvisais.com\/index.php?rest_route=\/wp\/v2\/pages\/117\/revisions\/494"}],"wp:attachment":[{"href":"https:\/\/www.ateliercelinearvisais.com\/index.php?rest_route=%2Fwp%2Fv2%2Fmedia&parent=117"}],"curies":[{"name":"wp","href":"https:\/\/api.w.org\/{rel}","templated":true}]}}

À petits oeillets de métal (intérieur 1/2&Prime;)

<p>Ce style d&rsquo;oeillet est idéal pour les rideaux de douche, extérieurs ou pour tout autre façon de les suspendre.</p>
<p><img loading="lazy" decoding="async" class="size-thumbnail wp-image-493 alignleft" src="http://www.ateliercelinearvisais.com/wp-content/uploads/2019/01/e576fdafe09889950b71e66eabdc40b1-150x150.jpg" alt="" width="150" height="150" srcset="https://www.ateliercelinearvisais.com/wp-content/uploads/2019/01/e576fdafe09889950b71e66eabdc40b1-150x150.jpg 150w, https://www.ateliercelinearvisais.com/wp-content/uploads/2019/01/e576fdafe09889950b71e66eabdc40b1-100x100.jpg 100w" sizes="auto, (max-width: 150px) 100vw, 150px" /></p>
<p><img loading="lazy" decoding="async" class="size-thumbnail wp-image-489 alignleft" src="http://www.ateliercelinearvisais.com/wp-content/uploads/2019/01/d426efd02bca0a00c7fa3d3ac237da14-150x150.jpg" alt="" width="150" height="150" srcset="https://www.ateliercelinearvisais.com/wp-content/uploads/2019/01/d426efd02bca0a00c7fa3d3ac237da14-150x150.jpg 150w, https://www.ateliercelinearvisais.com/wp-content/uploads/2019/01/d426efd02bca0a00c7fa3d3ac237da14-300x300.jpg 300w, https://www.ateliercelinearvisais.com/wp-content/uploads/2019/01/d426efd02bca0a00c7fa3d3ac237da14-100x100.jpg 100w, https://www.ateliercelinearvisais.com/wp-content/uploads/2019/01/d426efd02bca0a00c7fa3d3ac237da14.jpg 641w" sizes="auto, (max-width: 150px) 100vw, 150px" /></p>

<p>Ce style d&rsquo;oeillet est idéal pour les rideaux de douche, extérieurs ou pour tout autre façon de les suspendre.</p>
