{"id":236,"date":"2018-02-19T00:38:47","date_gmt":"2018-02-18T23:38:47","guid":{"rendered":"http:\/\/celinearvisais.com.heb5d.sogetel.net\/?page_id=236"},"modified":"2019-01-02T21:37:12","modified_gmt":"2019-01-03T02:37:12","slug":"avec-fermoir-et-cordonnet-tout-le-tour","status":"publish","type":"page","link":"https:\/\/www.ateliercelinearvisais.com\/?page_id=236","title":{"rendered":"Avec fermoir et cordonnet tout le tour"},"content":{"rendered":"\n<figure class=\"wp-block-image is-resized\"><img loading=\"lazy\" decoding=\"async\" src=\"http:\/\/www.ateliercelinearvisais.com\/wp-content\/uploads\/2019\/01\/IMG_1530-e1546482832379-1024x448.jpg\" alt=\"\" class=\"wp-image-562\" width=\"560\" height=\"244\" srcset=\"https:\/\/www.ateliercelinearvisais.com\/wp-content\/uploads\/2019\/01\/IMG_1530-e1546482832379-1024x448.jpg 1024w, https:\/\/www.ateliercelinearvisais.com\/wp-content\/uploads\/2019\/01\/IMG_1530-e1546482832379-300x131.jpg 300w, https:\/\/www.ateliercelinearvisais.com\/wp-content\/uploads\/2019\/01\/IMG_1530-e1546482832379-768x336.jpg 768w\" sizes=\"auto, (max-width: 560px) 100vw, 560px\" \/><figcaption>Le fermoir invisible \u00e9tant au bas, le coussin ou le cache-oreiller  peut \u00eatre utilis\u00e9 des deux c\u00f4t\u00e9s.<\/figcaption><\/figure>\n","protected":false},"excerpt":{"rendered":"","protected":false},"author":1,"featured_media":0,"parent":0,"menu_order":0,"comment_status":"closed","ping_status":"closed","template":"","meta":{"footnotes":""},"class_list":["post-236","page","type-page","status-publish","hentry"],"_links":{"self":[{"href":"https:\/\/www.ateliercelinearvisais.com\/index.php?rest_route=\/wp\/v2\/pages\/236","targetHints":{"allow":["GET"]}}],"collection":[{"href":"https:\/\/www.ateliercelinearvisais.com\/index.php?rest_route=\/wp\/v2\/pages"}],"about":[{"href":"https:\/\/www.ateliercelinearvisais.com\/index.php?rest_route=\/wp\/v2\/types\/page"}],"author":[{"embeddable":true,"href":"https:\/\/www.ateliercelinearvisais.com\/index.php?rest_route=\/wp\/v2\/users\/1"}],"replies":[{"embeddable":true,"href":"https:\/\/www.ateliercelinearvisais.com\/index.php?rest_route=%2Fwp%2Fv2%2Fcomments&post=236"}],"version-history":[{"count":7,"href":"https:\/\/www.ateliercelinearvisais.com\/index.php?rest_route=\/wp\/v2\/pages\/236\/revisions"}],"predecessor-version":[{"id":558,"href":"https:\/\/www.ateliercelinearvisais.com\/index.php?rest_route=\/wp\/v2\/pages\/236\/revisions\/558"}],"wp:attachment":[{"href":"https:\/\/www.ateliercelinearvisais.com\/index.php?rest_route=%2Fwp%2Fv2%2Fmedia&parent=236"}],"curies":[{"name":"wp","href":"https:\/\/api.w.org\/{rel}","templated":true}]}}

<figure class="wp-block-image is-resized"><img loading="lazy" decoding="async" src="http://www.ateliercelinearvisais.com/wp-content/uploads/2019/01/IMG_1530-e1546482832379-1024x448.jpg" alt="" class="wp-image-562" width="560" height="244" srcset="https://www.ateliercelinearvisais.com/wp-content/uploads/2019/01/IMG_1530-e1546482832379-1024x448.jpg 1024w, https://www.ateliercelinearvisais.com/wp-content/uploads/2019/01/IMG_1530-e1546482832379-300x131.jpg 300w, https://www.ateliercelinearvisais.com/wp-content/uploads/2019/01/IMG_1530-e1546482832379-768x336.jpg 768w" sizes="auto, (max-width: 560px) 100vw, 560px" /><figcaption>Le fermoir invisible étant au bas, le coussin ou le cache-oreiller  peut être utilisé des deux côtés.</figcaption></figure>
