{"id":260,"date":"2018-02-19T02:21:42","date_gmt":"2018-02-19T01:21:42","guid":{"rendered":"http:\/\/celinearvisais.com.heb5d.sogetel.net\/?page_id=260"},"modified":"2018-10-21T22:10:06","modified_gmt":"2018-10-22T02:10:06","slug":"sur-bretelles-arrieres","status":"publish","type":"page","link":"https:\/\/www.ateliercelinearvisais.com\/?page_id=260","title":{"rendered":"Sur bretelles arri\u00e8res"},"content":{"rendered":"<p><span><img loading=\"lazy\" decoding=\"async\" class=\"aligncenter size-full wp-image-461\" src=\"http:\/\/www.ateliercelinearvisais.com\/wp-content\/uploads\/2018\/10\/5525e32b85730722a0ea54bb23a0429c.jpg\" alt=\"\" width=\"929\" height=\"470\" srcset=\"https:\/\/www.ateliercelinearvisais.com\/wp-content\/uploads\/2018\/10\/5525e32b85730722a0ea54bb23a0429c.jpg 929w, https:\/\/www.ateliercelinearvisais.com\/wp-content\/uploads\/2018\/10\/5525e32b85730722a0ea54bb23a0429c-300x152.jpg 300w, https:\/\/www.ateliercelinearvisais.com\/wp-content\/uploads\/2018\/10\/5525e32b85730722a0ea54bb23a0429c-768x389.jpg 768w\" sizes=\"auto, (max-width: 767px) 89vw, (max-width: 1000px) 54vw, (max-width: 1071px) 543px, 580px\" \/>L\u2019ampleur de ce style de rideau peut varier selon le tissu choisi. Son opacit\u00e9, son \u00e9paisseur et la grosseur du motif sont des variantes pouvant influencer le produit final pour r\u00e9pondre aux attentes d\u00e9sir\u00e9es. En g\u00e9n\u00e9ral on calcule au moins 2 fois la mesure de la p\u00f4le mais c\u2019est \u00e0 la discr\u00e9tion de chacun.<\/span><\/p>\n<p>L&rsquo;avantage de celui-ci est que les bretelles plac\u00e9es \u00e0 l&rsquo;arri\u00e8re, font en sorte que \u00a0l&rsquo;ampleur du rideau est distribu\u00e9 \u00e0 l&rsquo;avant seulement et permet d&rsquo;installer la p\u00f4le plus pr\u00e8s du mur.<\/p>\n<p><img loading=\"lazy\" decoding=\"async\" class=\"aligncenter size-full wp-image-462\" src=\"http:\/\/www.ateliercelinearvisais.com\/wp-content\/uploads\/2018\/10\/328021.jpg\" alt=\"\" width=\"250\" height=\"210\" \/><\/p>\n","protected":false},"excerpt":{"rendered":"<p>L\u2019ampleur de ce style de rideau peut varier selon le tissu choisi. Son opacit\u00e9, son \u00e9paisseur et la grosseur du motif sont des variantes pouvant influencer le produit final pour r\u00e9pondre aux attentes d\u00e9sir\u00e9es. En g\u00e9n\u00e9ral on calcule au moins 2 fois la mesure de la p\u00f4le mais c\u2019est \u00e0 la discr\u00e9tion de chacun. L&rsquo;avantage &hellip; <\/p>\n<p class=\"link-more\"><a href=\"https:\/\/www.ateliercelinearvisais.com\/?page_id=260\" class=\"more-link\">Continuer la lecture<span class=\"screen-reader-text\"> de &laquo;&nbsp;Sur bretelles arri\u00e8res&nbsp;&raquo;<\/span><\/a><\/p>\n","protected":false},"author":1,"featured_media":0,"parent":0,"menu_order":0,"comment_status":"closed","ping_status":"closed","template":"","meta":{"footnotes":""},"class_list":["post-260","page","type-page","status-publish","hentry"],"_links":{"self":[{"href":"https:\/\/www.ateliercelinearvisais.com\/index.php?rest_route=\/wp\/v2\/pages\/260","targetHints":{"allow":["GET"]}}],"collection":[{"href":"https:\/\/www.ateliercelinearvisais.com\/index.php?rest_route=\/wp\/v2\/pages"}],"about":[{"href":"https:\/\/www.ateliercelinearvisais.com\/index.php?rest_route=\/wp\/v2\/types\/page"}],"author":[{"embeddable":true,"href":"https:\/\/www.ateliercelinearvisais.com\/index.php?rest_route=\/wp\/v2\/users\/1"}],"replies":[{"embeddable":true,"href":"https:\/\/www.ateliercelinearvisais.com\/index.php?rest_route=%2Fwp%2Fv2%2Fcomments&post=260"}],"version-history":[{"count":4,"href":"https:\/\/www.ateliercelinearvisais.com\/index.php?rest_route=\/wp\/v2\/pages\/260\/revisions"}],"predecessor-version":[{"id":464,"href":"https:\/\/www.ateliercelinearvisais.com\/index.php?rest_route=\/wp\/v2\/pages\/260\/revisions\/464"}],"wp:attachment":[{"href":"https:\/\/www.ateliercelinearvisais.com\/index.php?rest_route=%2Fwp%2Fv2%2Fmedia&parent=260"}],"curies":[{"name":"wp","href":"https:\/\/api.w.org\/{rel}","templated":true}]}}