{"id":70,"date":"2018-02-18T22:01:54","date_gmt":"2018-02-18T21:01:54","guid":{"rendered":"http:\/\/celinearvisais.com.heb5d.sogetel.net\/?page_id=70"},"modified":"2019-01-02T16:42:31","modified_gmt":"2019-01-02T21:42:31","slug":"plis-plats","status":"publish","type":"page","link":"https:\/\/www.ateliercelinearvisais.com\/?page_id=70","title":{"rendered":"Plis plats"},"content":{"rendered":"<p><img loading=\"lazy\" decoding=\"async\" class=\"wp-image-391 aligncenter\" src=\"http:\/\/celinearvisais.com.heb5d.sogetel.net\/wp-content\/uploads\/2018\/03\/IMG_4530-e1520807007122.jpg\" alt=\"\" width=\"504\" height=\"356\" srcset=\"https:\/\/www.ateliercelinearvisais.com\/wp-content\/uploads\/2018\/03\/IMG_4530-e1520807007122.jpg 3070w, https:\/\/www.ateliercelinearvisais.com\/wp-content\/uploads\/2018\/03\/IMG_4530-e1520807007122-300x212.jpg 300w, https:\/\/www.ateliercelinearvisais.com\/wp-content\/uploads\/2018\/03\/IMG_4530-e1520807007122-768x543.jpg 768w, https:\/\/www.ateliercelinearvisais.com\/wp-content\/uploads\/2018\/03\/IMG_4530-e1520807007122-1024x724.jpg 1024w\" sizes=\"auto, (max-width: 504px) 100vw, 504px\" \/><span style=\"font-size: 1rem;\">L&rsquo;ampleur de ce style de rideau peut varier selon le tissu choisi et le visuel en attente.<\/span><\/p>\n<p><span style=\"font-size: 1rem;\">Son opacit\u00e9, son \u00e9paisseur et la grosseur du motif sont des variantes mais la hauteur du pelon peut\u00a0<\/span><span style=\"font-size: 1rem;\">aussi<\/span><span style=\"font-size: 1rem;\">\u00a0<\/span><span style=\"font-size: 1rem;\">\u00a0avoir une incidence sur le coup d&rsquo;oeil.<\/span><\/p>\n<p><span style=\"font-size: 1rem;\">Pour obtenir un r\u00e9sutat o\u00f9 les plis seront espac\u00e9s, \u00a0il faut calculer une ampleur de 2.5 fois. \u00a0(plus l&rsquo;ampleur est basse, plus l&rsquo;espace entre les plis sera grand) Pour un visuel o\u00f9 les plis se toucheront il faut une ampleur de 3 fois. Toutefois, il faut pr\u00e9voir une aisance tenant compte des retours, des bordures et de l&rsquo;\u00e9paisseur du tissu.<\/span><\/p>\n","protected":false},"excerpt":{"rendered":"<p>L&rsquo;ampleur de ce style de rideau peut varier selon le tissu choisi et le visuel en attente. Son opacit\u00e9, son \u00e9paisseur et la grosseur du motif sont des variantes mais la hauteur du pelon peut\u00a0aussi\u00a0\u00a0avoir une incidence sur le coup d&rsquo;oeil. Pour obtenir un r\u00e9sutat o\u00f9 les plis seront espac\u00e9s, \u00a0il faut calculer une ampleur &hellip; <\/p>\n<p class=\"link-more\"><a href=\"https:\/\/www.ateliercelinearvisais.com\/?page_id=70\" class=\"more-link\">Continuer la lecture<span class=\"screen-reader-text\"> de &laquo;&nbsp;Plis plats&nbsp;&raquo;<\/span><\/a><\/p>\n","protected":false},"author":1,"featured_media":0,"parent":0,"menu_order":0,"comment_status":"closed","ping_status":"closed","template":"","meta":{"footnotes":""},"class_list":["post-70","page","type-page","status-publish","hentry"],"_links":{"self":[{"href":"https:\/\/www.ateliercelinearvisais.com\/index.php?rest_route=\/wp\/v2\/pages\/70","targetHints":{"allow":["GET"]}}],"collection":[{"href":"https:\/\/www.ateliercelinearvisais.com\/index.php?rest_route=\/wp\/v2\/pages"}],"about":[{"href":"https:\/\/www.ateliercelinearvisais.com\/index.php?rest_route=\/wp\/v2\/types\/page"}],"author":[{"embeddable":true,"href":"https:\/\/www.ateliercelinearvisais.com\/index.php?rest_route=\/wp\/v2\/users\/1"}],"replies":[{"embeddable":true,"href":"https:\/\/www.ateliercelinearvisais.com\/index.php?rest_route=%2Fwp%2Fv2%2Fcomments&post=70"}],"version-history":[{"count":8,"href":"https:\/\/www.ateliercelinearvisais.com\/index.php?rest_route=\/wp\/v2\/pages\/70\/revisions"}],"predecessor-version":[{"id":480,"href":"https:\/\/www.ateliercelinearvisais.com\/index.php?rest_route=\/wp\/v2\/pages\/70\/revisions\/480"}],"wp:attachment":[{"href":"https:\/\/www.ateliercelinearvisais.com\/index.php?rest_route=%2Fwp%2Fv2%2Fmedia&parent=70"}],"curies":[{"name":"wp","href":"https:\/\/api.w.org\/{rel}","templated":true}]}}